= f + -2. Let s(n) = n**3 - 6*n**2 + 3*n - 6. Give s(c).
12
Let g = 24 - 12. Suppose k = 5*v - 6, -4*k + 4*v + g = 2*v. Let f(r) = r**3 - 4*r**2 - 2. Give f(k).
-2
Let z(a) = -5*a + 4. Let j be z(1). Let r(k) = -10*k**2 + 2*k + 1. Calculate r(j).
-11
Let o = -1 - -1. Let s(i) = 5*i - 2 + 1 + o*i. Let m(l) = 15*l - 3. Let p(z) = 2*m(z) - 7*s(z). Calculate p(-1).
6
Let x(o) = o**3 + o**2 - 10. Let f = -4 - -3. Let d be f*(-1)/2*0. Calculate x(d).
-10
Let q(d) = -2*d + d**2 - 3*d**2 - 3 + 2. Suppose 5*y = -4*r + 11, -3*y - 3*r + 10 = 1. Determine q(y).
-1
Let b(i) = 5*i**2 - 6*i + 7. Let x(z) = 7*z**2 - 7*z + 9. Let n(s) = 4*b(s) - 3*x(s). Let a = -6 + 10. Let w(r) = -r**2 + 3*r. Let d be w(a). Give n(d).
-3
Let y(j) = -5*j - 263 + 263. Let u(w) = -2*w. Let n(a) = -9*u(a) + 4*y(a). Give n(-2).
4
Let i = 4 + -2. Let f(b) = -b**2 - 3*b**i + 3*b**2 + b. Let m be ((-24)/(-20))/((-4)/(-10)). What is f(m)?
-6
Let q(a) = a**2 - 13*a - 15. Let x(f) = -f - 1. Let t(v) = q(v) - 3*x(v). Let i be t(11). Let y(c) = 2*c**3 - c**2 + 1. Determine y(i).
-2
Let o(r) = -2*r + 0 + 2 - 2. What is o(3)?
-6
Let r be (4/(-2) - -3)*-1. Let k(b) = 14*b**2 - 1. Give k(r).
13
Let f(i) = -i**3 - 4*i**2 - 3*i + 3. Let l be -1 - (-4 + 1)*1. Suppose -3*h = 4*s - 5*s + 12, -l*h = -5*s - 5. Determine f(s).
3
Suppose 3*u + 3*c + 12 = -6, 4*u = -3*c - 24. Let f(r) = r**3 + 5*r**2 - 6*r + 4. Determine f(u).
4
Let a(s) be the third derivative of 0*s + 1/6*s**3 + 1/24*s**4 - 2*s**2 + 0. What is a(-5)?
-4
Let v(i) = -3*i**3 - 2 - 2 + 4*i**2 - 5*i**2 + 2*i**3. Give v(-3).
14
Let u(c) = -c**3 + c**2 - c - 1. Let f(s) = -2*s**3 + s**2 - 2*s - 1. Suppose x + 4*x - r + 49 = 0, 16 = -4*x - 5*r. Let q(j) = x*u(j) + 4*f(j). Give q(5).
10
Suppose 4*g - 16 = -4*x, -3*x + 7 = -3*g + g. Let t(n) be the third derivative of -n**5/12 + n**4/24 - 5*n**2. Give t(g).
-4
Let o(p) = p - 3. Suppose -4 = -5*r + 5*d + 6, -6 = 3*d. Give o(r).
-3
Let t(u) = -18*u**2 + 6. Let y(p) = -19*p**2 + 7. Let f(v) = -6*t(v) + 5*y(v). Let g(w) = w + 10. Let d be g(-9). What is f(d)?
12
Let f(x) = -17 + 10 + 6 + 7*x. Calculate f(1).
6
Let y(q) = -8*q**3 + q**2 - q + 1. Let l be (-6)/(-15) + 28/5. Let m = l - 5. Calculate y(m).
-7
Let n be (-2)/3 + (-38)/(-3). Let g = 8 - n. Let y(j) = -1. Let x(z) = -z**2 - z + 6. Let t(q) = x(q) + 2*y(q). Give t(g).
-8
Suppose 0 = 3*a + 2*l - 8, -a - 2*l + 4 = -0*a. Let x(n) = n**a + 2 - n + 1 + 7*n + 1. Let p be x(-6). Let g(b) = -b**2 + 4*b. Calculate g(p).
0
Let v(l) = -5*l**2 + 9*l - 7. Let r(z) = -6*z**2 + 10*z - 8. Let s(w) = 4*r(w) - 5*v(w). Determine s(3).
-3
Suppose -5 = 5*q - 3*c + 2, -3*q - 4*c + 19 = 0. Let d be 1 + 2 + 0 + q. Let n(s) = -s**3 + 0*s**2 - 2 - d*s**2 + 2*s**2 + 3*s**2 + 4*s. Give n(3).
-8
Let r(v) = 18*v**2 + v - 1. Let n be r(1). Let j = n + -23. Let s(d) = -d**2 - 4*d - 3. Determine s(j).
-8
Let i(j) be the third derivative of -17*j**6/120 - j**5/60 - 13*j**2 + 1. Determine i(-1).
16
Let b(i) = -3*i + i + 17 - 7 - 9. Calculate b(1).
-1
Let g(w) = -w**2 + 4*w - 3. Let t be (2 - -1)/3 - 4*-1. What is g(t)?
-8
Let a(o) = o + 3. Suppose 0 = 6*u - 5*u. Suppose -5*z + 5 = u, 10 = -5*b + 3*z - 8. Calculate a(b).
0
Let h be (5/((-25)/(-30)))/(0 - 2). Let g(n) = n**3 + 4*n**2 + 2*n + 1. Give g(h).
4
Let h(f) = f. Let j(a) = -a**3 - a**2 + 7*a + 3. Let v be j(-3). Let c(g) = 2*g + 6. Let b be c(-5). Let r = b - v. Determine h(r).
-4
Let w(p) = -5*p**3 - 9*p**2 + 4*p - 10. Let l(z) = -14*z**3 - 26*z**2 + 11*z - 29. Let n(r) = -4*l(r) + 11*w(r). Determine n(-5).
6
Let q be 10/65 + 82/(-26). Let r = q - -6. Suppose -5*s - 10 = -2*x, x - 5*s - 2 = r. Let t(k) = -k**2 + 5*k - 5. What is t(x)?
-5
Let d = 26 - 26. Let r(g) = 1 + 5 + 4*g - 5*g - 4. Give r(d).
2
Let c = -3 + -2. Suppose -3*i = 2*i + 5. Let f(l) = -l**3 - l**2 - 1. Let g(s) = -3*s**3 - 8*s**2 - 4*s - 1. Let m(b) = i*g(b) + 2*f(b). Determine m(c).
4
Let p(z) = -z**2 - 13*z + 18. Let l be p(-14). Let a(q) be the third derivative of -1/24*q**l + 1/120*q**6 - 1/6*q**3 - 1/30*q**5 + q**2 + 0*q + 0. Give a(2).
-3
Suppose 7*p + 20 = 2*p. Let b = -1 + p. Let d = -1 - b. Let f(x) = -x**2 + 4*x + 3. Give f(d).
3
Let s(b) = -10*b. Let d(k) = 3*k. Let n(o) = 7*d(o) + 2*s(o). Calculate n(5).
5
Let b(y) be the third derivative of y**8/6720 + y**7/420 + y**6/120 + 5*y**4/24 - 2*y**2. Let c(x) be the second derivative of b(x). Calculate c(-5).
-5
Let c(h) = 3*h**3 + 13 - 17 + 4 + h**2. Give c(-1).
-2
Let y(a) = -2*a - 4. Suppose -4*f = -0*f + 152. Let g be f/8 + 1/(-4). Determine y(g).
6
Suppose z = -2*z. Let b(s) be the first derivative of 1/3*s**3 + 3*s + 2 + 1/2*s**2. Determine b(z).
3
Let y(t) be the second derivative of t**8/6720 + t**7/840 - t**6/120 - t**5/20 - 5*t**4/6 - 5*t. Let w(n) be the third derivative of y(n). Calculate w(-4).
2
Let g(f) = -f**2 - f + 3. Let q = 4 - 3. Let w be 6/2 + -6*q. What is g(w)?
-3
Let p(a) = a - 1. Let o = -23 + 29. Give p(o).
5
Suppose -5*f + 2 - 7 = 0. Let m(y) = -24*y**2 - 2*y - 1. Determine m(f).
-23
Let o(h) be the third derivative of h**6/120 + h**5/15 - h**4/24 - 2*h**3/3 - 2*h**2. Determine o(-4).
0
Let q(n) = n**2 + 7*n. Let p = 8 + -14. Determine q(p).
-6
Suppose -11*o + 14*o + 33 = 0. Let g(j) = j**3 + 10*j**2 - 12*j - 16. Determine g(o).
-5
Let q(i) = -i**3 + 2*i**2 + i - 3. Suppose 2*d - 5 - 99 = 0. Let u = 34 - d. Let l be (-58)/u + 2/(-9). Calculate q(l).
-9
Let t(w) be the first derivative of -w**5/60 - 3*w**4/8 - 7*w**3/6 + 2*w**2 - 1. Let l(x) be the second derivative of t(x). Calculate l(-5).
13
Suppose -4*t + 24 = -2*t. Let d = t + -6. Suppose d + 2 = -4*l. Let j(s) = s**3 + s**2 - s - 2. Calculate j(l).
-4
Suppose -2*w - 2 = -3*w. Suppose 6 = 3*j, -4*a + 3*j + w + 8 = 0. Let d(u) = u**3 - 5*u**2 + 6*u - 2. What is d(a)?
6
Let d be (-6)/9*30/(-4). Let r(l) = -l**3 + 4*l**2 + 4*l - 1. Calculate r(d).
-6
Suppose 0 = 3*d + 3*u + 27, 0 = 5*d - 5*u - 0*u + 5. Let o = d + 7. Let f(i) = 4*i - 3. What is f(o)?
5
Let d(o) be the second derivative of -o**3/6 - 9*o. Give d(5).
-5
Suppose 9 = 5*x - 6. Suppose 17 = -4*s - 5*j - 9, 4 = s - 4*j. Let h(m) = 6*m**2 - 7*m. Let t(d) = 7*d**2 - 8*d. Let p(r) = s*t(r) + 5*h(r). Calculate p(x).
9
Let k(p) = p**2 + 7*p + 6. Let a be 1/((-40)/32*(-1)/(-5)). Determine k(a).
-6
Suppose -18 = -0*s + 3*s. Let a(n) = 9*n - 22*n + 2*n + 10*n. Calculate a(s).
6
Let a = 2 - 1. Let b(p) be the first derivative of 1/3*p**3 - p**2 - p + a. Give b(2).
-1
Let h(f) be the second derivative of 5*f**3/6 + 3*f**2/2 + 2*f. Let m be (1/2)/((-5)/(-50)). Let c(d) = d**2 - 5*d - 2. Let l be c(m). What is h(l)?
-7
Let q(k) be the third derivative of -k**5/60 + k**4/3 - 5*k**3/6 + 8*k**2. Give q(6).
7
Let d(i) = -2*i**2 - 5*i - 14. Let x(c) = -c**2 - 2*c - 7. Let a(n) = -4*d(n) + 7*x(n). Give a(-6).
7
Let c(j) = -j**2 + 4*j + 3. Let x be c(4). Let n(b) = 6*b**2 - x*b**3 - 7*b + 2 - 2*b**3 + 3 + 4*b**3. What is n(5)?
-5
Let w = 7 + -7. Suppose 3*c - c = w. Let p(m) be the first derivative of m**2/2 - m - 1. Determine p(c).
-1
Let c(x) = x**2 - 12*x + 14. Let i be c(11). Let s(q) = 6*q**2 - 5*q - 9 + i*q + q**3 - 7*q. What is s(-7)?
5
Let u = 14 - 9. Suppose -4*d - 1 = -u. Let i(f) = 11*f**2 - f + 1 - 16*f**2 - d. Determine i(1).
-6
Let a(w) = w**3 + 8*w**2 + 7*w + 7. Let u = 12 + -19. Calculate a(u).
7
Let t(j) = j**2 + 5*j - 8. Let v(c) = 6*c + 6. Let r be v(-2). Give t(r).
-2
Let s = 2 - 5. Let b(h) = h**2 + 11*h + 10. Let l(y) = -2*y**2 - 23*y - 21. Let o(j) = s*l(j) - 7*b(j). Let t be o(-7). Let m(p) = -p + 3. Determine m(t).
3
Suppose -48 = -l - 45. Let f(g) = -2*g**2 + 2*g - 1. Calculate f(l).
-13
Let c(j) = j**2 - 9*j - 13. Let z = -15 - -25. Let m be c(z). Let g(n) be the first derivative of -n**4/4 - 2*n**3/3 + 2*n**2 - 1. Calculate g(m).
-3
Let v(l) be the second derivative of l**4/12 + 2*l**3 + 13*l**2/2 - 4*l. Let j be v(-11). Let p(i) = -i**2 - 7*i**3 + j + 1 - 3 + 1. Calculate p(1).
-7
Let b = -10 - -14. Let k(c) = -c**3 + 5*c**2 - 6*c + 3. Calculate k(b).
-5
Let s = -8 + 26. Let p be s/14 + (-2)/7. Let i(y) = 23*y**3 - 22*y**3 - 1 + 3*y - y**2 - y. Determine i(p).
1
Let g(u) = -u + 3. Let k be (-3)/6*-2 + 0. Suppose 0 = -4*b - 23 - k. What is g(b)?
9
Let j(w) = -12*w - 4. Let z(g) = -8*g - 3. Suppose -4*k + 12 = 44. Let s(f) = k*z(f) + 5*j(f). Wh